u**2 + 4*u - 43. Let g be z(-6). What are the prime factors of ((-33810)/g)/(-5) + 2/11?
2, 11
Suppose 2*y - j = -y + 17, j = y - 7. What are the prime factors of (6 - (-22 - y)) + -4?
29
Let q(o) = o**3 + 10*o**2 + 7. Let j be (-24)/108 - 110/(-9). Let m = j + -20. List the prime factors of q(m).
3, 5
Let j be 2/(-10) - (-109806)/30. What are the prime factors of (-49)/7*j/(-14)?
2, 3, 5, 61
Let i(h) = 32*h**2 + 362*h + 155. What are the prime factors of i(26)?
7, 4457
Let f be ((-4)/(-12))/((-2)/(-13 - -1)). Let j be 2 + f + -4 + 4. Suppose 0 = j*v - d - 277, 78 = 2*v - 2*d - 68. List the prime factors of v.
2, 17
Let l(t) be the third derivative of 1/60*t**5 - 13/6*t**3 + 0*t - t**2 - 1/3*t**4 + 0. What are the prime factors of l(-9)?
2, 5, 7
Let y = 8570 - 7133. List the prime factors of y.
3, 479
Let p(f) = -5*f**2 - 8*f + 12. Let k(v) = -14*v**2 - 17*v + 28. Let b(l) = -2*k(l) + 5*p(l). Let a be 0/((-2)/2) + 5. What are the prime factors of b(a)?
7
Let k(u) = u**3 + 7*u**2 + 2*u - 1. Let d be (42/12)/(2/(-4)). Let s be k(d). Let v = s + 67. List the prime factors of v.
2, 13
Let k be ((-4)/14 - 33/(-42))*-4. What are the prime factors of (k - -551) + (-12 - -14)?
19, 29
Let o be 2/2 + -6 + 7. Suppose 0 = 2*c + 4*n + 20, -6*c + 10*c + 58 = -o*n. Let f(h) = -h**3 - 17*h**2 - 20*h + 7. List the prime factors of f(c).
71
Suppose 0 = -r + 5*w + 1300, 23*r - 27*r - w + 5242 = 0. List the prime factors of r.
2, 5, 131
Let n = 1664 + -866. Let q = n - 515. List the prime factors of q.
283
Let u = 23585 - 12087. List the prime factors of u.
2, 5749
What are the prime factors of (-4 - (-1842)/5)/(-4 - (-1282)/320)?
2, 911
Suppose -2*f = v - 48, -v - 3*v = 5*f - 186. Suppose -2*l + 14 - v = -3*n, 5*l - 3*n = -84. List the prime factors of (45/(-2) + -3)*24/l.
2, 17
Suppose 5*c + 117 = 8*c. Suppose 3*i + 122 = 401. Let j = i - c. What are the prime factors of j?
2, 3
Let s(g) = -g**2 + g + 6. Let m be s(-2). Suppose 123 = k + 5*y - 529, m = -3*k - 5*y + 1976. What are the prime factors of k?
2, 331
Let k(t) = -15 - 2*t + 6*t + 6*t - 12*t. Let z be k(-8). What are the prime factors of (1*88*z)/1?
2, 11
Let q be (25/10 - 2)*4. Suppose -3*s - 2*s = -4*u + 10, s = q. Suppose u*n + 225 = 535. List the prime factors of n.
2, 31
Let b = 2 + 13. Suppose 6 = -3*k + b. What are the prime factors of 4/(-6) - (-11)/k?
3
What are the prime factors of 102670/26 + (-28)/(-182)?
11, 359
Suppose -g + 13117 = 5*v, g + 6*v - 13137 = -3*v. List the prime factors of g.
2, 3, 1091
Let t(f) = 831*f**2 + 15*f - 18. Let p be t(-6). List the prime factors of -14*(p/56)/(-9).
2, 3, 23
What are the prime factors of 29/(319/(-4)) + 20211/11?
11, 167
Suppose -2*l + 6542 + 19674 = 2*s, 0 = 5*s - 2*l - 65575. List the prime factors of s.
3, 31, 47
Suppose 2*r - 14 + 40 = 0. Let i = r - -14. Let o(p) = 48*p**3 + 2*p - 1. List the prime factors of o(i).
7
Let k(h) = 26*h**2 + 5*h - 12. Let d be k(6). Suppose 5*v = 4*r - 753, -5*r + d = 7*v - 9*v. What are the prime factors of r?
2, 3
Let b(q) = 570*q - 417. List the prime factors of b(4).
3, 23
Suppose 2*s + 4*u = 4 - 0, 19 = 5*s + u. Suppose 28*h = 26*h - s*v + 1334, -2*v = -4*h + 2628. What are the prime factors of h?
659
Let v = 4210 + -20736. What are the prime factors of v/(-10) - (0 - 24/60)?
3, 19, 29
Let k(n) = n**3 + 4*n**2 - 3. Let a be k(-3). Let g(h) = 5*h + 40. Let b be g(-8). Suppose l - a*l + 555 = b. What are the prime factors of l?
3, 37
Let o(w) = 4*w + 4. Let r be o(-5). Let y(i) be the second derivative of i**4/12 + i**3/3 - 24*i**2 - 314*i + 1. What are the prime factors of y(r)?
2, 11
Suppose 52*i + 23*i - 6468704 = -293*i. List the prime factors of i.
2, 11, 17, 47
Suppose 6*h = 6 - 24. Let a = 8 + h. Suppose -j + 4 = c - 38, a*c - 20 = 0. List the prime factors of j.
2, 19
Suppose 0 = -2*k - 2*l + 35 - 19, -k = -4*l + 17. Suppose -2*z + 1430 = 2*f + 70, 1365 = 2*z - k*f. What are the prime factors of z?
3, 227
Suppose -5*n = l + 6524 - 33382, -3*n - 2*l = -16119. List the prime factors of n.
41, 131
Let h = 4592 + -3020. What are the prime factors of h?
2, 3, 131
Let s be (-30)/90 - (-1843)/3. Let w = s + -238. List the prime factors of w.
2, 47
Let x be -1 + -171 + 7/14*4. Let m = x + 423. What are the prime factors of m?
11, 23
Suppose 3*j = z + 24255, j + 3*z + 2794 - 10869 = 0. List the prime factors of j.
2, 43, 47
List the prime factors of ((-30)/4)/(42505/(-4250) + 10).
3, 5, 17
Let s = 11841 + 7783. What are the prime factors of s?
2, 11, 223
Suppose 0 = 116*g - 389*g + 5397976 - 1215343. What are the prime factors of g?
3, 5107
Suppose 355*s - 17899794 + 497230 = 93*s. List the prime factors of s.
2, 33211
Let l be (-12 + (9 - -1))/(1/(-8)). Let w = 149 - 46. Let y = w + l. List the prime factors of y.
7, 17
Let s be 8/(-100)*-5 - (-108)/5. Let b be (99/s - (0 + 4))*86. Suppose -46*l = -b*l - 432. List the prime factors of l.
2, 3
Let x = -433 + 100. Let n = 711 + -244. Let h = n + x. List the prime factors of h.
2, 67
Let r(b) = 9*b + 94. Let v(a) = -a**3 + 2*a**2 + 8*a + 6. Let c be v(4). List the prime factors of r(c).
2, 37
Suppose 2*v + 1879 = -f + 77, -3*v - 2703 = -5*f. Let i = v - -2130. What are the prime factors of i?
1229
Suppose -8 = -4*g, 0*q - 4*g - 332 = -4*q. Suppose 56 = 61*l - 2262. Let x = q - l. List the prime factors of x.
47
Let z be 22/7 - 3/21. Suppose -z*x + 5*h = -17, -3*x + 0*h = 2*h - 31. Suppose x*b - 8*b = 95. List the prime factors of b.
5, 19
Suppose -160*x - 303054 = -213*x. What are the prime factors of x?
2, 3, 953
Suppose 0 = -42*x - 60797 + 357863. Suppose -1417 = -h - j, 0 = -5*h - 6*j + 4*j + x. What are the prime factors of h?
3, 157
What are the prime factors of (114/95*23810/3)/2?
2, 2381
Suppose 4*t - 59 = 21. Suppose -m - 2*m = -4*q - 33, 4*m + t = 0. List the prime factors of 9/(-6)*824/q.
103
Let z be (-2 - 15/(-5))*12. Suppose -81*d + z = -83*d. List the prime factors of (-220)/(-14) + -1*d/21.
2
Let p(h) = -h**2 + 7*h - 12. Let d be p(4). Suppose -5*c + 45 + 35 = d. Suppose 3*g = c + 23. What are the prime factors of g?
13
Let h = 50 + 431. Let p = 604 - h. What are the prime factors of p?
3, 41
Suppose -7*z = -10*z + 42. Suppose z*o - 45 = -507. What are the prime factors of 27/(4 + o/9)?
3
Let t = 16438 + 425. List the prime factors of t.
3, 7, 11, 73
What are the prime factors of 17647 - (-3)/1 - (-107 - -115)?
2, 8821
Suppose 6*j - 5*j = -4*z + 2, 5*j - 25 = -5*z. Suppose 10*y - j*y + 2856 = 4*g, -3*g + 2144 = -2*y. What are the prime factors of g?
2, 179
Suppose 4*m = 5*m - k - 160, -3*k + 792 = 5*m. Let n = -89 + m. Suppose 4*q = v - n, 5*q - 2*q = 3*v - 183. What are the prime factors of v?
2, 29
Suppose -3*h = h + 4. Suppose -3*g - 32 = 211. Let y = h - g. List the prime factors of y.
2, 5
Let g(k) = k**3 + 9*k**2 + 5*k + 10. Let v be g(-8). Let p = v + -28. Suppose -5*l + p*l - 2 = 0. List the prime factors of l.
2
Let w(g) = -3578*g + 1102. What are the prime factors of w(-11)?
2, 5, 7, 17
Let y = 6144 - -2540. What are the prime factors of y?
2, 13, 167
List the prime factors of (-938068)/(-133) + 32 + 2/(-14).
5, 13, 109
Let o(k) = 2366*k - 158. What are the prime factors of o(11)?
2, 29, 223
What are the prime factors of ((-10404)/(-1530))/((-2)/(-25405))?
17, 5081
Suppose 231*t - 4216589 - 1083475 = 0. What are the prime factors of t?
2, 3, 239
Suppose 21*j - 24*j + 15708 = 0. Suppose 0 = -2*u + 19*u - j. List the prime factors of u.
2, 7, 11
Let z = -131 + 203. Suppose -i + 4*i = -z. List the prime factors of (-1)/(-3) + (-1912)/i.
2, 5
Let u(y) = y**3 + 42*y**2 + 3*y + 59. What are the prime factors of u(-18)?
31, 251
Suppose -3*o = -3*x + 81192, 4*o = 77 - 81. List the prime factors of x.
3, 31, 97
Let o be 3*((-5)/((-75)/(-40)) - -3). Let d = 229 - o. What are the prime factors of d?
2, 3, 19
Let s(p) = -p**3 - 5*p**2 + 48*p - 18. Let n be s(-10). Suppose 5*g - 5250 = -5*k, -2*g + 4*k = n*k - 2088. What are the prime factors of g?
3, 349
Suppose -32*j - 67*j - 108*j + 6741576 = 0. What are the prime factors of j?
2, 3, 23, 59
Let c be 2773/5 + (-1 - 42/(-30)). Suppose -3*q + 4*p - 183 + 738 = 0, -p = 3*q - c. What are the prime factors of q?
5, 37
Let g(k) = 226*k**2 - 18*k + 3*k + 8*k + 8*k. What are the prime factors of g(-1)?
3